{"id":434,"date":"2021-01-24T10:33:09","date_gmt":"2021-01-24T09:33:09","guid":{"rendered":"http:\/\/www.leonardobua.it\/?page_id=434"},"modified":"2021-01-24T12:04:23","modified_gmt":"2021-01-24T11:04:23","slug":"attivita","status":"publish","type":"page","link":"https:\/\/www.leonardobua.it\/index.php\/colibri-wp\/attivita\/","title":{"rendered":"Attivit\u00e0"},"content":{"rendered":"<div data-colibri-id=\"434-c1\" class=\"style-301 style-local-434-c1 position-relative\">\n  <!---->\n  <div data-colibri-component=\"section\" data-colibri-id=\"434-c2\" id=\"custom\" class=\"h-section h-section-global-spacing d-flex align-items-lg-center align-items-md-center align-items-center style-302 style-local-434-c2 position-relative\">\n    <!---->\n    <!---->\n    <div class=\"h-section-grid-container h-section-boxed-container\">\n      <!---->\n      <div data-colibri-id=\"434-c3\" class=\"h-row-container gutters-row-lg-2 gutters-row-md-2 gutters-row-0 gutters-row-v-lg-2 gutters-row-v-md-2 gutters-row-v-2 style-303 style-local-434-c3 position-relative\">\n        <!---->\n        <div class=\"h-row justify-content-lg-center justify-content-md-center justify-content-center align-items-lg-stretch align-items-md-stretch align-items-stretch gutters-col-lg-2 gutters-col-md-2 gutters-col-0 gutters-col-v-lg-2 gutters-col-v-md-2 gutters-col-v-2\">\n          <!---->\n          <div class=\"h-column h-column-container d-flex h-col-lg-auto h-col-md-auto h-col-auto style-304-outer style-local-434-c4-outer\">\n            <div data-colibri-id=\"434-c4\" class=\"d-flex h-flex-basis h-column__inner h-px-lg-2 h-px-md-2 h-px-2 v-inner-lg-2 v-inner-md-2 v-inner-2 style-304 style-local-434-c4 position-relative\">\n              <!---->\n              <!---->\n              <div class=\"w-100 h-y-container h-column__content h-column__v-align flex-basis-100 align-self-lg-start align-self-md-start align-self-start\">\n                <!---->\n                <div data-colibri-id=\"434-c5\" class=\"h-global-transition-all h-heading style-305 style-local-434-c5 position-relative h-element\">\n                  <!---->\n                  <div class=\"h-heading__outer style-305 style-local-434-c5\">\n                    <!---->\n                    <!---->\n                    <h3 class=\"\">INTERIOR DESIGN<\/h3>\n                  <\/div>\n                <\/div>\n              <\/div>\n            <\/div>\n          <\/div>\n        <\/div>\n      <\/div>\n      <div data-colibri-id=\"434-c6\" class=\"h-row-container gutters-row-lg-2 gutters-row-md-2 gutters-row-0 gutters-row-v-lg-2 gutters-row-v-md-2 gutters-row-v-2 style-306 style-local-434-c6 position-relative\">\n        <!---->\n        <div class=\"h-row justify-content-lg-center justify-content-md-center justify-content-center align-items-lg-stretch align-items-md-stretch align-items-stretch gutters-col-lg-2 gutters-col-md-2 gutters-col-0 gutters-col-v-lg-2 gutters-col-v-md-2 gutters-col-v-2\">\n          <!---->\n          <div class=\"h-column h-column-container d-flex h-col-lg-auto h-col-md-auto h-col-auto style-307-outer style-local-434-c7-outer\">\n            <div data-colibri-id=\"434-c7\" class=\"d-flex h-flex-basis h-column__inner h-px-lg-2 h-px-md-2 h-px-2 v-inner-lg-2 v-inner-md-2 v-inner-2 style-307 style-local-434-c7 position-relative\">\n              <!---->\n              <!---->\n              <div class=\"w-100 h-y-container h-column__content h-column__v-align flex-basis-100 align-self-lg-start align-self-md-start align-self-start\">\n                <!---->\n                <div data-colibri-id=\"434-c8\" class=\"h-text h-text-component style-310 style-local-434-c8 position-relative h-element\">\n                  <!---->\n                  <!---->\n                  <div class=\"\">\n                    <p><span style=\"font-family: &quot;Century Gothic&quot;, sans-serif; font-weight: 400; font-size: 16px; color: rgb(60, 61, 61);\">Punto centrale della nostra Bottega di Architettura \u00e8 l\u2019<\/span><strong style=\"font-family: &quot;Century Gothic&quot;, sans-serif; font-size: 16px; color: rgb(60, 61, 61);\">ascolto del cliente<\/strong>\n                      <span\n                        style=\"font-family: &quot;Century Gothic&quot;, sans-serif; font-size: 16px; color: rgb(60, 61, 61); font-weight: 400;\">&nbsp;(specifiche necessit\u00e0, definizione degli spazi ambientali, gusti stilistici), la comprensione di ci\u00f2 che desidera e cosa loro occorre. A seguire questa prima delicata fase, quella successiva \u00e8 interpretare i bisogni in modo&nbsp;<\/span>\n                        <strong\n                          style=\"font-family: &quot;Century Gothic&quot;, sans-serif; font-size: 16px; color: rgb(60, 61, 61);\">creativo<\/strong><span style=\"font-family: &quot;Century Gothic&quot;, sans-serif; font-size: 16px; color: rgb(60, 61, 61); font-weight: 400;\">,&nbsp;<\/span><strong style=\"font-family: &quot;Century Gothic&quot;, sans-serif; font-size: 16px; color: rgb(60, 61, 61);\">competente e sorprendente<\/strong>\n                          <span\n                            style=\"font-family: &quot;Century Gothic&quot;, sans-serif; font-size: 16px; color: rgb(60, 61, 61); font-weight: 400;\">&nbsp;e, dopo aver fatto sopralluoghi e rilievi tecnici, tradurli in un primo concept progettuale, che terminer\u00e0 nella definizione puntuale di un progetto di architettura e di arredo che porter\u00e0 alla realizzazione di un<\/span>\n                            <strong\n                              style=\"font-family: &quot;Century Gothic&quot;, sans-serif; font-size: 16px; color: rgb(60, 61, 61);\">&nbsp;\u201cabito su misura\u201d<\/strong><span style=\"font-family: &quot;Century Gothic&quot;, sans-serif; font-size: 16px; color: rgb(60, 61, 61); font-weight: 400;\">&nbsp;funzionale ed elegante.<\/span><\/p>\n                  <\/div>\n                <\/div>\n                <div data-colibri-id=\"434-c9\" class=\"h-x-container style-311 style-local-434-c9 position-relative h-element\">\n                  <!---->\n                  <div class=\"h-x-container-inner style-dynamic-434-c9-group style-311-spacing style-local-434-c9-spacing\"><span class=\"h-link__outer style-312-outer style-local-434-c10-outer d-inline-flex h-element\"><a h-use-smooth-scroll=\"true\" href=\"  http:\/\/www.leonardobua.it\/index.php\/colibri-wp\/attivita\/interior-design\/\"  data-colibri-id=\"434-c10\" class=\"d-flex w-100 align-items-center h-link style-312 style-local-434-c10 position-relative\"><!----><span  class=\"h-svg-icon h-link__icon style-312-icon style-local-434-c10-icon\"><!--Icon by Font Awesome (https:\/\/fontawesome.com)--><svg version=\"1.1\" xmlns=\"http:\/\/www.w3.org\/2000\/svg\" xmlns:xlink=\"http:\/\/www.w3.org\/1999\/xlink\" id=\"forward\" viewBox=\"0 0 1664 1896.0833\"><path d=\"M45 1651q-19 19-32 13t-13-32V160q0-26 13-32t32 13l710 710q9 9 13 19V160q0-26 13-32t32 13l710 710q19 19 19 45t-19 45l-710 710q-19 19-32 13t-13-32V922q-4 10-13 19z\"><\/path><\/svg><\/span>                    <span>Scopri di pi\u00f9<\/span><\/a>\n                    <\/span>\n                  <\/div>\n                <\/div>\n              <\/div>\n            <\/div>\n          <\/div>\n          <div class=\"h-column h-column-container d-flex h-col-lg-auto h-col-md-auto h-col-auto style-308-outer style-local-434-c11-outer\">\n            <div data-colibri-id=\"434-c11\" class=\"d-flex h-flex-basis h-column__inner h-px-lg-2 h-px-md-2 h-px-2 v-inner-lg-2 v-inner-md-2 v-inner-2 style-308 style-local-434-c11 position-relative\">\n              <!---->\n              <!---->\n              <div class=\"w-100 h-y-container h-column__content h-column__v-align flex-basis-100 align-self-lg-start align-self-md-start align-self-start\">\n                <!---->\n                <div data-colibri-id=\"434-c12\" class=\"d-block style-309 style-local-434-c12 position-relative h-element\">\n                  <!---->\n                  <div class=\"h-image__frame-container-outer\">\n                    <div class=\"h-image__frame-container\">\n                      <!---->\n                      <!---->\n                      <img loading=\"lazy\" width=\"1154\" height=\"1154\" src=\"http:\/\/www.leonardobua.it\/wp-content\/uploads\/2021\/01\/cropped-arch-leonardo-bua.a.jpg\" class=\"wp-image-438 style-309-image style-local-434-c12-image\" srcset=\"https:\/\/www.leonardobua.it\/wp-content\/uploads\/2021\/01\/cropped-arch-leonardo-bua.a.jpg 1154w, https:\/\/www.leonardobua.it\/wp-content\/uploads\/2021\/01\/cropped-arch-leonardo-bua.a-300x300.jpg 300w, https:\/\/www.leonardobua.it\/wp-content\/uploads\/2021\/01\/cropped-arch-leonardo-bua.a-1024x1024.jpg 1024w, https:\/\/www.leonardobua.it\/wp-content\/uploads\/2021\/01\/cropped-arch-leonardo-bua.a-150x150.jpg 150w, https:\/\/www.leonardobua.it\/wp-content\/uploads\/2021\/01\/cropped-arch-leonardo-bua.a-768x768.jpg 768w\" sizes=\"(max-width: 1154px) 100vw, 1154px\" alt=\"\" \/>\n                      <div class=\"h-image__frame h-hide-lg h-hide-md h-hide-sm style-309-frameImage style-local-434-c12-frameImage\"><\/div>\n                    <\/div>\n                  <\/div>\n                <\/div>\n              <\/div>\n            <\/div>\n          <\/div>\n        <\/div>\n      <\/div>\n      <div data-colibri-id=\"434-c13\" class=\"h-row-container gutters-row-lg-2 gutters-row-md-2 gutters-row-0 gutters-row-v-lg-2 gutters-row-v-md-2 gutters-row-v-2 style-313 style-local-434-c13 position-relative\">\n        <!---->\n        <div class=\"h-row justify-content-lg-center justify-content-md-center justify-content-center align-items-lg-stretch align-items-md-stretch align-items-stretch gutters-col-lg-2 gutters-col-md-2 gutters-col-0 gutters-col-v-lg-2 gutters-col-v-md-2 gutters-col-v-2\">\n          <!---->\n          <div class=\"h-column h-column-container d-flex h-col-lg-auto h-col-md-auto h-col-auto style-314-outer style-local-434-c14-outer\">\n            <div data-colibri-id=\"434-c14\" class=\"d-flex h-flex-basis h-column__inner h-px-lg-2 h-px-md-2 h-px-2 v-inner-lg-2 v-inner-md-2 v-inner-2 style-314 style-local-434-c14 position-relative\">\n              <!---->\n              <!---->\n              <div class=\"w-100 h-y-container h-column__content h-column__v-align flex-basis-100 align-self-lg-start align-self-md-start align-self-start\">\n                <!---->\n                <div data-colibri-id=\"434-c15\" class=\"h-global-transition-all h-heading style-315 style-local-434-c15 position-relative h-element\">\n                  <!---->\n                  <div class=\"h-heading__outer style-315 style-local-434-c15\">\n                    <!---->\n                    <!---->\n                    <h3 class=\"\">INDUSTRIAL DESIGN<\/h3>\n                  <\/div>\n                <\/div>\n              <\/div>\n            <\/div>\n          <\/div>\n        <\/div>\n      <\/div>\n      <div data-colibri-id=\"434-c16\" class=\"h-row-container gutters-row-lg-2 gutters-row-md-2 gutters-row-0 gutters-row-v-lg-2 gutters-row-v-md-2 gutters-row-v-2 style-316 style-local-434-c16 position-relative\">\n        <!---->\n        <div class=\"h-row justify-content-lg-center justify-content-md-center justify-content-center align-items-lg-stretch align-items-md-stretch align-items-stretch gutters-col-lg-2 gutters-col-md-2 gutters-col-0 gutters-col-v-lg-2 gutters-col-v-md-2 gutters-col-v-2\">\n          <!---->\n          <div class=\"h-column h-column-container d-flex h-col-lg-auto h-col-md-auto h-col-auto style-317-outer style-local-434-c17-outer\">\n            <div data-colibri-id=\"434-c17\" class=\"d-flex h-flex-basis h-column__inner h-px-lg-2 h-px-md-2 h-px-2 v-inner-lg-2 v-inner-md-2 v-inner-2 style-317 style-local-434-c17 position-relative\">\n              <!---->\n              <!---->\n              <div class=\"w-100 h-y-container h-column__content h-column__v-align flex-basis-100 align-self-lg-start align-self-md-start align-self-start\">\n                <!---->\n                <div data-colibri-id=\"434-c18\" class=\"d-block style-319 style-local-434-c18 position-relative h-element\">\n                  <!---->\n                  <div class=\"h-image__frame-container-outer\">\n                    <div class=\"h-image__frame-container\">\n                      <!---->\n                      <!---->\n                      <img loading=\"lazy\" width=\"720\" height=\"720\" src=\"http:\/\/www.leonardobua.it\/wp-content\/uploads\/2021\/01\/cropped-design-rendering-bagno.jpg\" class=\"wp-image-459 style-319-image style-local-434-c18-image\" srcset=\"https:\/\/www.leonardobua.it\/wp-content\/uploads\/2021\/01\/cropped-design-rendering-bagno.jpg 720w, https:\/\/www.leonardobua.it\/wp-content\/uploads\/2021\/01\/cropped-design-rendering-bagno-300x300.jpg 300w, https:\/\/www.leonardobua.it\/wp-content\/uploads\/2021\/01\/cropped-design-rendering-bagno-150x150.jpg 150w\" sizes=\"(max-width: 720px) 100vw, 720px\" alt=\"\" \/>\n                      <div class=\"h-image__frame h-hide-lg h-hide-md h-hide-sm style-319-frameImage style-local-434-c18-frameImage\"><\/div>\n                    <\/div>\n                  <\/div>\n                <\/div>\n              <\/div>\n            <\/div>\n          <\/div>\n          <div class=\"h-column h-column-container d-flex h-col-lg-auto h-col-md-auto h-col-auto style-318-outer style-local-434-c19-outer\">\n            <div data-colibri-id=\"434-c19\" class=\"d-flex h-flex-basis h-column__inner h-px-lg-2 h-px-md-2 h-px-2 v-inner-lg-2 v-inner-md-2 v-inner-2 style-318 style-local-434-c19 position-relative\">\n              <!---->\n              <!---->\n              <div class=\"w-100 h-y-container h-column__content h-column__v-align flex-basis-100 align-self-lg-start align-self-md-start align-self-start\">\n                <!---->\n                <div data-colibri-id=\"434-c20\" class=\"h-text h-text-component style-320 style-local-434-c20 position-relative h-element\">\n                  <!---->\n                  <!---->\n                  <div class=\"\">\n                    <p><span style=\"font-weight: 400; font-size: 16px; font-family: &quot;Century Gothic&quot;, sans-serif; color: rgb(60, 61, 61);\">In questo comparto ho maturato una lunga esperienza con prodotti nati in sintonia con le richieste degli imprenditori del settore. Ho avuto modo di curare la direzione artistica di numerose aziende nell\u2019obiettivo di definire o solidificare l\u2019identit\u00e0 del marchio.<\/span><\/p>\n                  <\/div>\n                <\/div>\n                <div data-colibri-id=\"434-c21\" class=\"h-x-container style-325 style-local-434-c21 position-relative h-element\">\n                  <!---->\n                  <div class=\"h-x-container-inner style-dynamic-434-c21-group style-325-spacing style-local-434-c21-spacing\"><span class=\"h-link__outer style-326-outer style-local-434-c22-outer d-inline-flex h-element\"><a h-use-smooth-scroll=\"true\" href=\" http:\/\/www.leonardobua.it\/index.php\/colibri-wp\/attivita\/industrial-design\/\"  data-colibri-id=\"434-c22\" class=\"d-flex w-100 align-items-center h-link style-326 style-local-434-c22 position-relative\"><!----><span  class=\"h-svg-icon h-link__icon style-326-icon style-local-434-c22-icon\"><!--Icon by Font Awesome (https:\/\/fontawesome.com)--><svg version=\"1.1\" xmlns=\"http:\/\/www.w3.org\/2000\/svg\" xmlns:xlink=\"http:\/\/www.w3.org\/1999\/xlink\" id=\"forward\" viewBox=\"0 0 1664 1896.0833\"><path d=\"M45 1651q-19 19-32 13t-13-32V160q0-26 13-32t32 13l710 710q9 9 13 19V160q0-26 13-32t32 13l710 710q19 19 19 45t-19 45l-710 710q-19 19-32 13t-13-32V922q-4 10-13 19z\"><\/path><\/svg><\/span>                    <span>Scopri di pi\u00f9<\/span><\/a>\n                    <\/span>\n                  <\/div>\n                <\/div>\n              <\/div>\n            <\/div>\n          <\/div>\n        <\/div>\n      <\/div>\n    <\/div>\n  <\/div>\n<\/div>","protected":false},"excerpt":{"rendered":"<p>INTERIOR DESIGN Punto centrale della nostra Bottega di Architettura \u00e8 l\u2019ascolto del cliente &nbsp;(specifiche necessit\u00e0, definizione degli spazi ambientali, gusti stilistici), la comprensione di ci\u00f2 che desidera e cosa loro occorre. A seguire questa prima delicata fase, quella successiva \u00e8 interpretare i bisogni in modo&nbsp; creativo,&nbsp;competente e sorprendente &nbsp;e, dopo aver fatto sopralluoghi e rilievi [&hellip;]<\/p>\n","protected":false},"author":1,"featured_media":0,"parent":7,"menu_order":0,"comment_status":"closed","ping_status":"closed","template":"page-templates\/full-width-page.php","meta":[],"_links":{"self":[{"href":"https:\/\/www.leonardobua.it\/index.php\/wp-json\/wp\/v2\/pages\/434"}],"collection":[{"href":"https:\/\/www.leonardobua.it\/index.php\/wp-json\/wp\/v2\/pages"}],"about":[{"href":"https:\/\/www.leonardobua.it\/index.php\/wp-json\/wp\/v2\/types\/page"}],"author":[{"embeddable":true,"href":"https:\/\/www.leonardobua.it\/index.php\/wp-json\/wp\/v2\/users\/1"}],"replies":[{"embeddable":true,"href":"https:\/\/www.leonardobua.it\/index.php\/wp-json\/wp\/v2\/comments?post=434"}],"version-history":[{"count":8,"href":"https:\/\/www.leonardobua.it\/index.php\/wp-json\/wp\/v2\/pages\/434\/revisions"}],"predecessor-version":[{"id":681,"href":"https:\/\/www.leonardobua.it\/index.php\/wp-json\/wp\/v2\/pages\/434\/revisions\/681"}],"up":[{"embeddable":true,"href":"https:\/\/www.leonardobua.it\/index.php\/wp-json\/wp\/v2\/pages\/7"}],"wp:attachment":[{"href":"https:\/\/www.leonardobua.it\/index.php\/wp-json\/wp\/v2\/media?parent=434"}],"curies":[{"name":"wp","href":"https:\/\/api.w.org\/{rel}","templated":true}]}}